{"id":3583,"date":"2024-08-20T20:47:14","date_gmt":"2024-08-20T20:47:14","guid":{"rendered":"https:\/\/citricopeluqueria.com\/?post_type=product&#038;p=3583"},"modified":"2026-04-20T23:39:28","modified_gmt":"2026-04-20T23:39:28","slug":"shampoo-neutro-citrico","status":"publish","type":"product","link":"https:\/\/citricopeluqueria.com\/?product=shampoo-neutro-citrico","title":{"rendered":"Shampoo Neutro C\u00edtrico"},"content":{"rendered":"","protected":false},"excerpt":{"rendered":"<p>El shampoo neutro tiene varios beneficios, especialmente para personas con necesidades espec\u00edficas o sensibilidades en el cuero cabelludo y el cabello. Algunos de los principales beneficios son:<\/p>\n<p>1. Suavidad para el cuero cabelludo. Al tener un pH neutro, es menos probable que cause irritaciones, reacciones al\u00e9rgicas o sequedad en el cuero cabelludo.<\/p>\n<p>2.Apto para todo tipo de cabello: Funciona bien en todo tipo de cabello, incluyendo cabello graso, seco, normal y sensible, proporcionando una limpieza efectiva sin ser demasiado agresivo.<\/p>\n<p>3. Menor riesgo de acumulaci\u00f3n. Su f\u00f3rmula ligera y balanceada reduce la posibilidad de acumulaci\u00f3n de residuos en el cabello, lo que puede ocurrir con shampoos m\u00e1s pesados o con muchos ingredientes adicionales.<\/p>\n<p>4. Ideal para tratamientos capilares. Es una opci\u00f3n excelente para preparar el cabello antes de tratamientos capilares espec\u00edficos, ya que limpia suavemente sin dejar residuos que puedan interferir con el tratamiento.<\/p>\n<p>5. Seguridad para pieles sensibles. Es especialmente beneficioso para personas con piel sensible o condiciones como dermatitis, psoriasis o eccema, ya que minimiza la irritaci\u00f3n y la inflamaci\u00f3n.<\/p>\n<p>6. Cuidado infantil.<br \/>\nDebido a su suavidad y baja probabilidad de irritaci\u00f3n, es adecuado para el uso en ni\u00f1os y beb\u00e9s.<\/p>\n<p>7. Equilibrio del cuero cabelludo. Ayuda a mantener el equilibrio natural del cuero cabelludo, sin alterar su pH ni eliminar los aceites esenciales necesarios para su salud.<\/p>\n<div class=\"group\/conversation-turn relative flex w-full min-w-0 flex-col agent-turn\">\n<div class=\"flex-col gap-1 md:gap-3\">\n<div class=\"flex flex-grow flex-col max-w-full\">\n<div class=\"min-h-[20px] text-message flex flex-col items-start whitespace-pre-wrap break-words [.text-message+&amp;]:mt-5 juice:w-full juice:items-end overflow-x-auto gap-3\" dir=\"auto\" data-message-author-role=\"assistant\" data-message-id=\"4bfff0a1-b74b-47ed-bd12-7def4e603182\">\n<p>&nbsp;<\/p>\n<\/div>\n<\/div>\n<\/div>\n<\/div>\n","protected":false},"featured_media":4060,"template":"","meta":{"site-sidebar-layout":"default","site-content-layout":"default","ast-site-content-layout":"default","site-content-style":"default","site-sidebar-style":"default","ast-global-header-display":"","ast-banner-title-visibility":"","ast-main-header-display":"","ast-hfb-above-header-display":"","ast-hfb-below-header-display":"","ast-hfb-mobile-header-display":"","site-post-title":"","ast-breadcrumbs-content":"","ast-featured-img":"","footer-sml-layout":"","theme-transparent-header-meta":"default","adv-header-id-meta":"","stick-header-meta":"","header-above-stick-meta":"","header-main-stick-meta":"","header-below-stick-meta":"","astra-migrate-meta-layouts":"set","ast-page-background-enabled":"default","ast-page-background-meta":{"desktop":{"background-color":"","background-image":"","background-repeat":"repeat","background-position":"center center","background-size":"auto","background-attachment":"scroll","background-type":"","background-media":"","overlay-type":"","overlay-color":"","overlay-opacity":"","overlay-gradient":""},"tablet":{"background-color":"","background-image":"","background-repeat":"repeat","background-position":"center center","background-size":"auto","background-attachment":"scroll","background-type":"","background-media":"","overlay-type":"","overlay-color":"","overlay-opacity":"","overlay-gradient":""},"mobile":{"background-color":"","background-image":"","background-repeat":"repeat","background-position":"center center","background-size":"auto","background-attachment":"scroll","background-type":"","background-media":"","overlay-type":"","overlay-color":"","overlay-opacity":"","overlay-gradient":""}},"ast-content-background-meta":{"desktop":{"background-color":"var(--ast-global-color-5)","background-image":"","background-repeat":"repeat","background-position":"center center","background-size":"auto","background-attachment":"scroll","background-type":"","background-media":"","overlay-type":"","overlay-color":"","overlay-opacity":"","overlay-gradient":""},"tablet":{"background-color":"var(--ast-global-color-5)","background-image":"","background-repeat":"repeat","background-position":"center center","background-size":"auto","background-attachment":"scroll","background-type":"","background-media":"","overlay-type":"","overlay-color":"","overlay-opacity":"","overlay-gradient":""},"mobile":{"background-color":"var(--ast-global-color-5)","background-image":"","background-repeat":"repeat","background-position":"center center","background-size":"auto","background-attachment":"scroll","background-type":"","background-media":"","overlay-type":"","overlay-color":"","overlay-opacity":"","overlay-gradient":""}},"_joinchat":[]},"product_cat":[76],"product_tag":[],"class_list":{"0":"post-3583","1":"product","2":"type-product","3":"status-publish","4":"has-post-thumbnail","6":"product_cat-tienda","7":"desktop-align-left","8":"tablet-align-left","9":"mobile-align-left","10":"ast-product-gallery-layout-horizontal-slider","11":"ast-product-tabs-layout-horizontal","13":"first","14":"instock","15":"shipping-taxable","16":"purchasable","17":"product-type-simple"},"_links":{"self":[{"href":"https:\/\/citricopeluqueria.com\/index.php?rest_route=\/wp\/v2\/product\/3583","targetHints":{"allow":["GET"]}}],"collection":[{"href":"https:\/\/citricopeluqueria.com\/index.php?rest_route=\/wp\/v2\/product"}],"about":[{"href":"https:\/\/citricopeluqueria.com\/index.php?rest_route=\/wp\/v2\/types\/product"}],"wp:featuredmedia":[{"embeddable":true,"href":"https:\/\/citricopeluqueria.com\/index.php?rest_route=\/wp\/v2\/media\/4060"}],"wp:attachment":[{"href":"https:\/\/citricopeluqueria.com\/index.php?rest_route=%2Fwp%2Fv2%2Fmedia&parent=3583"}],"wp:term":[{"taxonomy":"product_cat","embeddable":true,"href":"https:\/\/citricopeluqueria.com\/index.php?rest_route=%2Fwp%2Fv2%2Fproduct_cat&post=3583"},{"taxonomy":"product_tag","embeddable":true,"href":"https:\/\/citricopeluqueria.com\/index.php?rest_route=%2Fwp%2Fv2%2Fproduct_tag&post=3583"}],"curies":[{"name":"wp","href":"https:\/\/api.w.org\/{rel}","templated":true}]}}