{"id":3582,"date":"2024-08-20T20:45:20","date_gmt":"2024-08-20T20:45:20","guid":{"rendered":"https:\/\/citricopeluqueria.com\/?post_type=product&#038;p=3582"},"modified":"2026-04-20T23:39:34","modified_gmt":"2026-04-20T23:39:34","slug":"crema-de-queratina-citrico","status":"publish","type":"product","link":"https:\/\/citricopeluqueria.com\/?product=crema-de-queratina-citrico","title":{"rendered":"Crema de Queratina Citrico"},"content":{"rendered":"","protected":false},"excerpt":{"rendered":"<p>La crema de queratina para el cabello ofrece varios beneficios, entre los cuales destacan:<br \/>\n<strong data-entity-type=\"MessageEntityBold\">Reparaci\u00f3n del cabello da\u00f1ado<\/strong>: La queratina ayuda a reparar las cut\u00edculas da\u00f1adas del cabello, lo que mejora su apariencia y textura.<br \/>\n<strong data-entity-type=\"MessageEntityBold\">Fortalecimiento<\/strong>: La queratina fortalece el cabello al rellenar los huecos y porosidades en la estructura capilar, reduciendo la rotura y las puntas abiertas.<br \/>\n<strong data-entity-type=\"MessageEntityBold\">Suavidad y brillo<\/strong>: La aplicaci\u00f3n de queratina hace que el cabello sea m\u00e1s suave y brillante, d\u00e1ndole una apariencia m\u00e1s saludable y manejable.<br \/>\n<strong data-entity-type=\"MessageEntityBold\">Reducci\u00f3n del frizz<\/strong>: La queratina ayuda a controlar el frizz al suavizar la cut\u00edcula del cabello, lo que es especialmente beneficioso en climas h\u00famedos.<br \/>\n<strong data-entity-type=\"MessageEntityBold\">Aumento de la elasticidad<\/strong>: El cabello tratado con queratina tiende a ser m\u00e1s el\u00e1stico y resistente a los da\u00f1os mec\u00e1nicos, como el peinado y el cepillado.<br \/>\n<strong data-entity-type=\"MessageEntityBold\">Mejora en el peinado<\/strong>: La queratina puede hacer que el cabello sea m\u00e1s f\u00e1cil de peinar y estilizar, ya que reduce el enredo y la resistencia.<br \/>\n<strong data-entity-type=\"MessageEntityBold\">Protecci\u00f3n contra da\u00f1os futuros<\/strong>: Al reforzar la estructura del cabello, la queratina tambi\u00e9n puede ofrecer cierta protecci\u00f3n contra da\u00f1os futuros causados por factores externos como el calor, el sol y los productos qu\u00edmicos.<br \/>\nEs im<\/p>\n<div class=\"group\/conversation-turn relative flex w-full min-w-0 flex-col agent-turn\">\n<div class=\"flex-col gap-1 md:gap-3\">\n<div class=\"flex flex-grow flex-col max-w-full\">\n<div class=\"min-h-[20px] text-message flex flex-col items-start whitespace-pre-wrap break-words [.text-message+&amp;]:mt-5 juice:w-full juice:items-end overflow-x-auto gap-3\" dir=\"auto\" data-message-author-role=\"assistant\" data-message-id=\"4bfff0a1-b74b-47ed-bd12-7def4e603182\">\n<p>&nbsp;<\/p>\n<\/div>\n<\/div>\n<\/div>\n<\/div>\n","protected":false},"featured_media":4059,"template":"","meta":{"site-sidebar-layout":"default","site-content-layout":"default","ast-site-content-layout":"default","site-content-style":"default","site-sidebar-style":"default","ast-global-header-display":"","ast-banner-title-visibility":"","ast-main-header-display":"","ast-hfb-above-header-display":"","ast-hfb-below-header-display":"","ast-hfb-mobile-header-display":"","site-post-title":"","ast-breadcrumbs-content":"","ast-featured-img":"","footer-sml-layout":"","theme-transparent-header-meta":"default","adv-header-id-meta":"","stick-header-meta":"","header-above-stick-meta":"","header-main-stick-meta":"","header-below-stick-meta":"","astra-migrate-meta-layouts":"set","ast-page-background-enabled":"default","ast-page-background-meta":{"desktop":{"background-color":"","background-image":"","background-repeat":"repeat","background-position":"center center","background-size":"auto","background-attachment":"scroll","background-type":"","background-media":"","overlay-type":"","overlay-color":"","overlay-opacity":"","overlay-gradient":""},"tablet":{"background-color":"","background-image":"","background-repeat":"repeat","background-position":"center center","background-size":"auto","background-attachment":"scroll","background-type":"","background-media":"","overlay-type":"","overlay-color":"","overlay-opacity":"","overlay-gradient":""},"mobile":{"background-color":"","background-image":"","background-repeat":"repeat","background-position":"center center","background-size":"auto","background-attachment":"scroll","background-type":"","background-media":"","overlay-type":"","overlay-color":"","overlay-opacity":"","overlay-gradient":""}},"ast-content-background-meta":{"desktop":{"background-color":"var(--ast-global-color-5)","background-image":"","background-repeat":"repeat","background-position":"center center","background-size":"auto","background-attachment":"scroll","background-type":"","background-media":"","overlay-type":"","overlay-color":"","overlay-opacity":"","overlay-gradient":""},"tablet":{"background-color":"var(--ast-global-color-5)","background-image":"","background-repeat":"repeat","background-position":"center center","background-size":"auto","background-attachment":"scroll","background-type":"","background-media":"","overlay-type":"","overlay-color":"","overlay-opacity":"","overlay-gradient":""},"mobile":{"background-color":"var(--ast-global-color-5)","background-image":"","background-repeat":"repeat","background-position":"center center","background-size":"auto","background-attachment":"scroll","background-type":"","background-media":"","overlay-type":"","overlay-color":"","overlay-opacity":"","overlay-gradient":""}},"_joinchat":[]},"product_cat":[76],"product_tag":[],"class_list":{"0":"post-3582","1":"product","2":"type-product","3":"status-publish","4":"has-post-thumbnail","6":"product_cat-tienda","7":"desktop-align-left","8":"tablet-align-left","9":"mobile-align-left","10":"ast-product-gallery-layout-horizontal-slider","11":"ast-product-tabs-layout-horizontal","13":"first","14":"instock","15":"shipping-taxable","16":"purchasable","17":"product-type-simple"},"_links":{"self":[{"href":"https:\/\/citricopeluqueria.com\/index.php?rest_route=\/wp\/v2\/product\/3582","targetHints":{"allow":["GET"]}}],"collection":[{"href":"https:\/\/citricopeluqueria.com\/index.php?rest_route=\/wp\/v2\/product"}],"about":[{"href":"https:\/\/citricopeluqueria.com\/index.php?rest_route=\/wp\/v2\/types\/product"}],"wp:featuredmedia":[{"embeddable":true,"href":"https:\/\/citricopeluqueria.com\/index.php?rest_route=\/wp\/v2\/media\/4059"}],"wp:attachment":[{"href":"https:\/\/citricopeluqueria.com\/index.php?rest_route=%2Fwp%2Fv2%2Fmedia&parent=3582"}],"wp:term":[{"taxonomy":"product_cat","embeddable":true,"href":"https:\/\/citricopeluqueria.com\/index.php?rest_route=%2Fwp%2Fv2%2Fproduct_cat&post=3582"},{"taxonomy":"product_tag","embeddable":true,"href":"https:\/\/citricopeluqueria.com\/index.php?rest_route=%2Fwp%2Fv2%2Fproduct_tag&post=3582"}],"curies":[{"name":"wp","href":"https:\/\/api.w.org\/{rel}","templated":true}]}}