{"id":3035,"date":"2023-06-09T22:03:36","date_gmt":"2023-06-09T22:03:36","guid":{"rendered":"https:\/\/citricopeluqueria.com\/?post_type=product&#038;p=3035"},"modified":"2023-06-10T18:09:41","modified_gmt":"2023-06-10T18:09:41","slug":"masterclass-de-trenzas-caribenas","status":"publish","type":"product","link":"https:\/\/citricopeluqueria.com\/?product=masterclass-de-trenzas-caribenas","title":{"rendered":"Masterclass de Trenzas Caribe\u00f1as"},"content":{"rendered":"<p><strong>Temario: (Actualizaci\u00f3n permanente aplicada a todos los g\u00e9neros)<\/strong><\/p>\n<p>Introducci\u00f3n a las trenzas caribe\u00f1as:<\/p>\n<ul>\n<li>Historia y origen de las trenzas caribe\u00f1as.<\/li>\n<\/ul>\n<p>Preparaci\u00f3n del cabello:<\/p>\n<ul>\n<li>Preparaci\u00f3n adecuada del cabello antes de realizar las trenzas caribe\u00f1as<\/li>\n<\/ul>\n<p>T\u00e9cnicas avanzadas de trenzado:<\/p>\n<ul>\n<li>T\u00e9cnica de trenzado con extensi\u00f3n: c\u00f3mo agregar extensiones de cabello para lograr trenzas m\u00e1s largas o voluminosas.<\/li>\n<li>C\u00f3mo combinar trenzas en diferentes direcciones para crear patrones y dise\u00f1os complejos.<\/li>\n<\/ul>\n<p>Mantenimiento y cuidado de las trenzas:<\/p>\n<ul>\n<li>C\u00f3mo cuidar y mantener las trenzas caribe\u00f1as para que duren m\u00e1s tiempo.<\/li>\n<li>Recomendaciones de productos para el cuidado del cuero cabelludo y las trenzas.<\/li>\n<li>Retoque de ra\u00edces y reparaci\u00f3n de trenzas sueltas o da\u00f1adas.<\/li>\n<\/ul>\n<p>Estilismo y personalizaci\u00f3n de las trenzas:<\/p>\n<ul>\n<li>Peinados y estilos vers\u00e1tiles con trenzas caribe\u00f1as.<\/li>\n<li>Uso de accesorios y adornos para realzar las trenzas.<\/li>\n<\/ul>\n<p>Consideraciones \u00e9ticas y culturales:<\/p>\n<ul>\n<li>Respeto por la historia y la cultura asociada con las trenzas caribe\u00f1as.<\/li>\n<\/ul>\n<p><strong>Modalidad: <\/strong><span style=\"color: #5c5c5c;\">Presencial.<\/span><\/p>\n<p><strong>Materiales: <\/strong>Traer cabezal de pr\u00e1ctica y herramientas de peinados.<\/p>\n<p><strong style=\"font-size: 16px;\">Duraci\u00f3n del curso: <\/strong><span style=\"color: #5c5c5c;\">1 o 2 clases.<\/span><\/p>\n<p><strong>Lugar: <\/strong><span style=\"color: #5c5c5c;\">Espacio C\u00edtrico Educativo (Av. Fuerza A\u00e9rea 1719, Barrio Parque Capital).<\/span><\/p>\n<p><strong>Dirigido:\u00a0<\/strong>Profesionales o Estudiantes del rubro.<\/p>\n<p><strong>Instructores: <\/strong><\/p>\n<ul>\n<li><span style=\"color: #5c5c5c;\">Patricia Chiatti<\/span><\/li>\n<li>David Avila<\/li>\n<\/ul>\n<p><strong style=\"font-size: 16px;\">Certificaci\u00f3n: <\/strong><span style=\"color: #5c5c5c;\">Todos nuestros cursos incluyen certificado de asistencia.<\/span><\/p>\n","protected":false},"excerpt":{"rendered":"<p>\u00a1Bienvenido a la emocionante Master Class de Trenzas Caribe\u00f1as!<\/p>\n<p>Esta clase est\u00e1 dise\u00f1ada espec\u00edficamente para aquellos que desean llevar sus habilidades en trenzado al siguiente nivel y sumergirse en el vibrante mundo de las trenzas caribe\u00f1as. Acomp\u00e1\u00f1anos en un ambiente amigable y acogedor mientras exploramos t\u00e9cnicas avanzadas, patrones intrincados y estilos fascinantes.<\/p>\n<p>Aprender\u00e1s a dominar la creaci\u00f3n de trenzas caribe\u00f1as aut\u00e9nticas, descubrir\u00e1s secretos profesionales y recibir\u00e1s consejos \u00fatiles para ofrecer a tus clientes resultados impresionantes.<\/p>\n<p>Prep\u00e1rate para un viaje creativo y estimulante donde compartir\u00e1s conocimientos con otros apasionados del trenzado.<\/p>\n<p>\u00a1\u00danete a nosotros y desata tu creatividad en la incre\u00edble Master Class de Trenzas Caribe\u00f1as para Expertos!<\/p>\n<p>&nbsp;<\/p>\n<p><a href=\"https:\/\/wa.link\/w2912t\" target=\"_blank\" rel=\"noopener\"><img decoding=\"async\" class=\"alignnone wp-image-3100\" src=\"https:\/\/citricopeluqueria.com\/wp-content\/uploads\/2023\/06\/Agregar-un-subtitulo-3-300x120.png\" alt=\"\" width=\"175\" height=\"70\" srcset=\"https:\/\/citricopeluqueria.com\/wp-content\/uploads\/2023\/06\/Agregar-un-subtitulo-3-300x120.png 300w, https:\/\/citricopeluqueria.com\/wp-content\/uploads\/2023\/06\/Agregar-un-subtitulo-3-250x100.png 250w, https:\/\/citricopeluqueria.com\/wp-content\/uploads\/2023\/06\/Agregar-un-subtitulo-3.png 500w\" sizes=\"(max-width: 175px) 100vw, 175px\" \/><\/a><\/p>\n","protected":false},"featured_media":3061,"template":"","meta":{"site-sidebar-layout":"default","site-content-layout":"default","ast-site-content-layout":"","site-content-style":"default","site-sidebar-style":"default","ast-global-header-display":"","ast-banner-title-visibility":"","ast-main-header-display":"","ast-hfb-above-header-display":"","ast-hfb-below-header-display":"","ast-hfb-mobile-header-display":"","site-post-title":"","ast-breadcrumbs-content":"","ast-featured-img":"","footer-sml-layout":"","theme-transparent-header-meta":"default","adv-header-id-meta":"","stick-header-meta":"","header-above-stick-meta":"","header-main-stick-meta":"","header-below-stick-meta":"","astra-migrate-meta-layouts":"default","ast-page-background-enabled":"default","ast-page-background-meta":{"desktop":{"background-color":"","background-image":"","background-repeat":"repeat","background-position":"center center","background-size":"auto","background-attachment":"scroll","background-type":"","background-media":"","overlay-type":"","overlay-color":"","overlay-opacity":"","overlay-gradient":""},"tablet":{"background-color":"","background-image":"","background-repeat":"repeat","background-position":"center center","background-size":"auto","background-attachment":"scroll","background-type":"","background-media":"","overlay-type":"","overlay-color":"","overlay-opacity":"","overlay-gradient":""},"mobile":{"background-color":"","background-image":"","background-repeat":"repeat","background-position":"center center","background-size":"auto","background-attachment":"scroll","background-type":"","background-media":"","overlay-type":"","overlay-color":"","overlay-opacity":"","overlay-gradient":""}},"ast-content-background-meta":{"desktop":{"background-color":"var(--ast-global-color-5)","background-image":"","background-repeat":"repeat","background-position":"center center","background-size":"auto","background-attachment":"scroll","background-type":"","background-media":"","overlay-type":"","overlay-color":"","overlay-opacity":"","overlay-gradient":""},"tablet":{"background-color":"var(--ast-global-color-5)","background-image":"","background-repeat":"repeat","background-position":"center center","background-size":"auto","background-attachment":"scroll","background-type":"","background-media":"","overlay-type":"","overlay-color":"","overlay-opacity":"","overlay-gradient":""},"mobile":{"background-color":"var(--ast-global-color-5)","background-image":"","background-repeat":"repeat","background-position":"center center","background-size":"auto","background-attachment":"scroll","background-type":"","background-media":"","overlay-type":"","overlay-color":"","overlay-opacity":"","overlay-gradient":""}},"_joinchat":[]},"product_cat":[70,74],"product_tag":[],"class_list":{"0":"post-3035","1":"product","2":"type-product","3":"status-publish","4":"has-post-thumbnail","6":"product_cat-cursos","7":"product_cat-peinados","8":"desktop-align-left","9":"tablet-align-left","10":"mobile-align-left","11":"ast-product-gallery-layout-horizontal-slider","12":"ast-product-gallery-with-no-image","13":"ast-product-tabs-layout-horizontal","15":"first","16":"instock","17":"shipping-taxable","18":"product-type-simple"},"_links":{"self":[{"href":"https:\/\/citricopeluqueria.com\/index.php?rest_route=\/wp\/v2\/product\/3035","targetHints":{"allow":["GET"]}}],"collection":[{"href":"https:\/\/citricopeluqueria.com\/index.php?rest_route=\/wp\/v2\/product"}],"about":[{"href":"https:\/\/citricopeluqueria.com\/index.php?rest_route=\/wp\/v2\/types\/product"}],"wp:featuredmedia":[{"embeddable":true,"href":"https:\/\/citricopeluqueria.com\/index.php?rest_route=\/wp\/v2\/media\/3061"}],"wp:attachment":[{"href":"https:\/\/citricopeluqueria.com\/index.php?rest_route=%2Fwp%2Fv2%2Fmedia&parent=3035"}],"wp:term":[{"taxonomy":"product_cat","embeddable":true,"href":"https:\/\/citricopeluqueria.com\/index.php?rest_route=%2Fwp%2Fv2%2Fproduct_cat&post=3035"},{"taxonomy":"product_tag","embeddable":true,"href":"https:\/\/citricopeluqueria.com\/index.php?rest_route=%2Fwp%2Fv2%2Fproduct_tag&post=3035"}],"curies":[{"name":"wp","href":"https:\/\/api.w.org\/{rel}","templated":true}]}}